5
-3 (base 9) to base 12
-3
2 (base 6) to base 13
2
Convert -102 (base 5) to base 6.
-43
What is -37 (base 9) in base 3?
-1021
What is -10000 (base 2) in base 16?
-10
Convert 30 (base 4) to base 10.
12
What is 14 (base 14) in base 8?
22
157 (base 9) to base 14
97
2 (base 15) to base 10
2
-13 (base 14) to base 6
-25
What is -17 (base 14) in base 13?
-18
Convert 0 (base 3) to base 14.
0
-35 (base 10) to base 9
-38
-116 (base 13) to base 9
-228
What is 0 (base 10) in base 6?
0
Convert 71 (base 14) to base 10.
99
115 (base 13) to base 8
273
What is 15 (base 7) in base 8?
14
What is 3 (base 11) in base 8?
3
Convert -34 (base 5) to base 13.
-16
Convert -2 (base 6) to base 5.
-2
What is -33 (base 4) in base 2?
-1111
49 (base 16) to base 8
111
11 (base 3) to base 8
4
Convert -203 (base 5) to base 7.
-104
What is -11 (base 3) in base 7?
-4
What is -1 (base 5) in base 12?
-1
What is -1001 (base 2) in base 16?
-9
11 (base 7) to base 8
10
Convert -12 (base 5) to base 16.
-7
-27 (base 10) to base 12
-23
25 (base 6) to base 9
18
Convert 0 (base 13) to base 6.
0
Convert 502 (base 6) to base 10.
182
What is 1 (base 15) in base 7?
1
-1122 (base 3) to base 14
-32
What is 30 (base 15) in base 5?
140
10 (base 3) to base 9
3
What is -38 (base 10) in base 2?
-100110
What is 3 (base 11) in base 14?
3
What is -21 (base 13) in base 16?
-1b
-15 (base 15) to base 14
-16
Convert 2 (base 4) to base 5.
2
What is 7 (base 12) in base 13?
7
100 (base 12) to base 13
b1
36 (base 15) to base 11
47
Convert 0 (base 13) to base 3.
0
What is -1cc (base 13) in base 12?
-241
Convert -d (base 15) to base 8.
-15
What is 6 (base 12) in base 9?
6
What is -11 (base 8) in base 2?
-1001
Convert 3 (base 5) to base 15.
3
63 (base 10) to base 11
58
220 (base 3) to base 8
30
-10 (base 7) to base 12
-7
What is 18 (base 9) in base 10?
17
-1 (base 12) to base 5
-1
Convert 11 (base 2) to base 12.
3
246 (base 10) to base 4
3312
-12 (base 5) to base 14
-7
What is 10 (base 3) in base 5?
3
Convert -1 (base 8) to base 15.
-1
-6 (base 16) to base 5
-11
130 (base 4) to base 13
22
Convert 3 (base 10) to base 15.
3
Convert -22 (base 16) to base 11.
-31
What is 214 (base 6) in base 2?
1010010
Convert 13 (base 7) to base 11.
a
What is 3 (base 7) in base 14?
3
-3 (base 10) to base 2
-11
What is -1 (base 14) in base 3?
-1
-5 (base 13) to base 6
-5
What is 30 (base 13) in base 11?
36
1 (base 5) to base 4
1
Convert -2 (base 15) to base 14.
-2
Convert -4 (base 16) to base 8.
-4
What is 13 (base 11) in base 5?
24
Convert -3 (base 10) to base 13.
-3
Convert -10 (base 3) to base 15.
-3
21 (base 13) to base 14
1d
Convert 7 (base 14) to base 6.
11
What is -125 (base 8) in base 10?
-85
7 (base 14) to base 13
7
Convert 20 (base 8) to base 13.
13
dd (base 16) to base 4
3131
Convert 0 (base 5) to base 2.
0
-10 (base 6) to base 16
-6
Convert 5 (base 7) to base 6.
5
a2 (base 14) to base 9
167
What is -6 (base 13) in base 16?
-6
What is -21 (base 5) in base 15?
-b
What is 2 (base 13) in base 10?
2
Convert 13 (base 8) to base 9.
12
Convert 0 (base 2) to base 12.
0
-26 (base 9) to base 8
-30
What is -231 (base 4) in base 2?
-101101
What is -20 (base 7) in base 4?
-32
Convert 1111010 (base 2) to base 3.
11112
5 (base 10) to base 14
5
7 (base 14) to base 15
7
3 (base 9) to base 11
3
110100 (base 2) to base 11
48
Convert -22 (base 9) to base 14.
-16
Convert -10 (base 2) to base 7.
-2
23 (base 4) to base 10
11
What is 3c (base 13) in base 3?
1220
5a (base 16) to base 12
76
What is -51 (base 6) in base 16?
-1f
Convert 10 (base 4) to base 8.
4
What is -25 (base 13) in base 12?
-27
-2 (base 11) to base 6
-2
What is 72 (base 16) in base 6?
310
1010001 (base 2) to base 15
56
What is 272 (base 8) in base 2?
10111010
What is 3 (base 5) in base 11?
3
1011 (base 2) to base 7
14
-10 (base 3) to base 12
-3
What is 13 (base 6) in base 13?
9
1100 (base 2) to base 14
c
37 (base 15) to base 3
1221
What is -7 (base 13) in base 8?
-7
Convert 56 (base 10) to base 11.
51
Convert 1 (base 14) to base 5.
1
90 (base 11) to base 5
344
Convert 1 (base 14) to base 13.
1
Convert -4 (base 10) to base 12.
-4
Convert -210 (base 4) to base 14.
-28
-2 (base 16) to base 15
-2
What is -1 (base 11) in base 7?
-1
What is 3 (base 13) in base 16?
3
2 (base 7) to base 13
2
-2 (base 14) to base 5
-2
-132 (base 4) to base 3
-1010
Convert -34 (base 5) to base 14.
-15
33 (base 4) to base 3
120
Convert ad (base 14) to base 2.
10011001
-6 (base 9) to base 11
-6
Convert 10011010 (base 2) to base 5.
1104
b (base 12) to base 6
15
38 (base 14) to base 7
101
Convert -4 (base 8) to base 7.
-4
-11 (base 5) to base 8
-6
What is -2 (base 8) in base 9?
-2
What is b (base 15) in base 7?
14
Convert -26 (base 12) to base 6.
-50
Convert -336 (base 7) to base 14.
-c6
What is -3 (base 4) in base 11?
-3
1221 (base 3) to base 15
37
Convert 1 (base 7) to base 14.
1
What is 63 (base 7) in base 6?
113
20 (base 7) to base 6
22
Convert -1101 (base 2) to base 6.
-21
2 (base 15) to base 9
2
What is -12210 (base 3) in base 8?
-234
17 (base 16) to base 8
27
-4 (base 15) to base 16
-4
Convert 3 (base 9) to base 5.
3
What is 4 (base 15) in base 5?
4
-8 (base 16) to base 12
-8
What is -a (base 11) in base 15?
-a
4 (base 13) to base 5
4
What is 6 (base 9) in base 7?
6
Convert -30 (base 6) to base 8.
-22
What is 10 (base 16) in base 5?
31
Convert 11 (base 5) to base 12.
6
What is -3 (base 5) in base 12?
-3
-3 (base 9) to base 10
-3
-1 (base 6) to base 7
-1
-31 (base 4) to base 8
-15
0 (base 4) to base 16
0
Convert -32 (base 10) to base 6.
-52
-27 (base 15) to base 4
-211
-a (base 16) to base 7
-13
-8 (base 15) to base 6
-12
Convert bc (base 15) to base 10.
177
-49 (base 16) to base 7
-133
Convert -4 (base 16) to base 11.
-4
Convert 48 (base 12) to base 13.
44
-19 (base 10) to base 15
-14
What is -3 (base 7) in base 8?
-3
Convert -30 (base 15) to base 10.
-45
Convert -14 (base 9) to base 16.
-d
-57 (base 10) to base 4
-321
-1100010 (base 2) to base 5
-343
101 (base 3) to base 6
14
-1a (base 11) to base 3
-210
What is f (base 16) in base 12?
13
Convert 200 (base 3) to base 6.
30
Convert 12 (base 9) to base 8.
13
Convert -4 (base 5) to base 16.
-4
Convert 51 (base 8) to base 9.
45
What is -11021 (base 3) in base 14?
-83
Convert 100111 (base 2) to base 9.
43
Convert 211 (base 5) to base 7.
110
125 (base 7) to base 6
152
Convert -3 (base 6) to base 13.
-3
Convert -1a (base 15) to base 14.
-1b
What is -2000 (base 3) in base 6?
-130
2 (base 15) to base 14
2
Convert 1200 (base 3) to base 5.
140
-5 (base 6) to base 8
-5
Convert 10 (base 3) to base 14.
3
Convert -2 (base 11) to base 8.
-2
-11 (base 4) to base 6
-5
-5 (base 8) to base 5
-10
Convert 0 (base 8) to base 7.
0
-5 (base 7) to base 11
-5
-2 (base 12) to base 2
-10
What is 126 (base 10) in base 8?
176
-103 (base 5) to base 7
-40
Convert -1 (base 9) to base 3.
-1
Convert -20 (base 6) to base 11.
-11
What is -3 (base 9) in base 16?
-3
What is -19a (base 12) in base 14?
-14a
What is 69 (base 16) in base 10?
105
What is -ee (base 16) in base 9?
-284
Convert -101 (base 2) to base 14.
-5
23 (base 4) to base 15
b
Convert -3 (base 11) to base 5.
-3
What is -3 (base 9) in base 6?
-3
-5 (base 15) to base 6
-5
-3 (base 16) to base 9
-3
What is 152 (base 9) in base 5?
1003
What is 2132 (base 5) in base 2?
100100100
What is -3 (base 13) in base 14?
-3
What is 13 (base 6) in base 4?
21
Convert -134 (base 7) to base 13.
-59
What is 35 (base 6) in base 4?
113
What is -3 (base 4) in base 15?
-3
What is 1 (base 2) in base 10?
1
Convert 4 (base 10) to base 4.
10
Convert 1220 (base 3) to base 10.
51
Convert 158 (base 12) to base 9.
255
2c (base 13) to base 11
35
-11 (base 5) to base 13
-6
-12 (base 7) to base 16
-9
221 (base 7) to base 13
89
What is 2 (base 7) in base 11?
2
What is -66 (base 13) in base 11?
-77
13b (base 12) to base 4
2333
11011 (base 2) to base 10
27
What is -184 (base 10) in base 8?
-270
2000 (base 3) to base 13
42
Convert 30 (base 5) to base 9.
16
What is 110010 (base 2) in base 15?
35
Convert -432 (base 5) to base 12.
-99
Convert -1 (base 14) to base 6.
-1
What is 10 (base 3) in base 2?
11
What is ad (base 16) in base 11?
148
What is -39 (base 16) in base 10?
-57
Convert 23 (base 4) to base 10.
11
What is -112 (base 4) in base 16?
-16
Convert 0 (base 12)